{"id":404,"date":"2025-04-16T13:11:08","date_gmt":"2025-04-16T13:11:08","guid":{"rendered":"https:\/\/portugalfocus.com\/?page_id=404"},"modified":"2025-11-05T10:45:18","modified_gmt":"2025-11-05T10:45:18","slug":"contactar-nos","status":"publish","type":"page","link":"https:\/\/portugalfocus.com\/?page_id=404","title":{"rendered":"Contactar-nos"},"content":{"rendered":"<p>Este s\u00edtio Web \u00e9 propriedade da Portugal Focus LDA. Esfor\u00e7amo-nos por fornecer informa\u00e7\u00f5es relevantes e \u00fateis aos nossos utilizadores.<\/p>\n<p>Nome da empresa: Portugal Focus LDA<\/p>\n<p>Endere\u00e7o legal: Av. Lu\u00edsa Todi 280, 2900-452 Set\u00fabal, Portugal<\/p>\n<p>Correio eletr\u00f3nico: in<br \/>\n<a href=\"mailto:info@portugalfocus.com\">info@portugalfocus.com<\/a><\/p>\n<p>Telefone:<br \/>\n<a href=\"tel:+351917280300\">+351917280300<\/a><\/p>\n<p>Diretor-geral: Carla Jorge<\/p>\n<p>N\u00famero de registo: 413038402<\/p>\n<p>Nome da autoridade de registo: Claudete Teixeira &#8211; Advogados<\/p>\n<p>Endere\u00e7o da autoridade de registo: R. Ac\u00e1cio Barradas 8 B, 2900-197 Set\u00fabal, Portugal<\/p>\n<p><b>Responsabilidade pelo conte\u00fado:<\/b><\/p>\n<p>N\u00e3o somos respons\u00e1veis pelo conte\u00fado das liga\u00e7\u00f5es a s\u00edtios Web de terceiros que possam estar dispon\u00edveis no nosso s\u00edtio Web. Toda a responsabilidade pelo conte\u00fado dessas hiperliga\u00e7\u00f5es recai sobre os respetivos propriet\u00e1rios. N\u00e3o nos responsabilizamos por quaisquer danos, diretos ou indiretos, decorrentes da utiliza\u00e7\u00e3o das informa\u00e7\u00f5es fornecidas no nosso s\u00edtio.<\/p>\n<p><b>Direitos de autor:<\/b><\/p>\n<p>Todo o material do nosso s\u00edtio Web, incluindo texto, imagens, gr\u00e1ficos, design e software, est\u00e1 protegido por direitos de autor. A sua utiliza\u00e7\u00e3o ou distribui\u00e7\u00e3o sem a autoriza\u00e7\u00e3o do detentor dos direitos de autor \u00e9 proibida.<\/p>\n<p><b>Informa\u00e7\u00f5es de contato:<\/b><\/p>\n<p>Se tiver quaisquer quest\u00f5es ou coment\u00e1rios sobre o nosso s\u00edtio Web ou a nossa empresa, contacte-nos utilizando as informa\u00e7\u00f5es de contacto indicadas acima.<\/p>\n<p><b>Pol\u00edtica de privacidade:<\/b><\/p>\n<p>Respeitamos a sua privacidade e protegemos as suas informa\u00e7\u00f5es pessoais. Para mais informa\u00e7\u00f5es, consulte a nossa pol\u00edtica de privacidade.<\/p>\n","protected":false},"excerpt":{"rendered":"<p>Este s\u00edtio Web \u00e9 propriedade da Portugal Focus LDA. Esfor\u00e7amo-nos por fornecer informa\u00e7\u00f5es relevantes e \u00fateis aos nossos utilizadores. Nome da empresa: Portugal Focus LDA Endere\u00e7o legal: Av. Lu\u00edsa Todi&hellip;<\/p>\n","protected":false},"author":1,"featured_media":0,"parent":0,"menu_order":0,"comment_status":"closed","ping_status":"closed","template":"","meta":{"footnotes":""},"class_list":["post-404","page","type-page","status-publish","hentry"],"_links":{"self":[{"href":"https:\/\/portugalfocus.com\/index.php?rest_route=\/wp\/v2\/pages\/404","targetHints":{"allow":["GET"]}}],"collection":[{"href":"https:\/\/portugalfocus.com\/index.php?rest_route=\/wp\/v2\/pages"}],"about":[{"href":"https:\/\/portugalfocus.com\/index.php?rest_route=\/wp\/v2\/types\/page"}],"author":[{"embeddable":true,"href":"https:\/\/portugalfocus.com\/index.php?rest_route=\/wp\/v2\/users\/1"}],"replies":[{"embeddable":true,"href":"https:\/\/portugalfocus.com\/index.php?rest_route=%2Fwp%2Fv2%2Fcomments&post=404"}],"version-history":[{"count":2,"href":"https:\/\/portugalfocus.com\/index.php?rest_route=\/wp\/v2\/pages\/404\/revisions"}],"predecessor-version":[{"id":445,"href":"https:\/\/portugalfocus.com\/index.php?rest_route=\/wp\/v2\/pages\/404\/revisions\/445"}],"wp:attachment":[{"href":"https:\/\/portugalfocus.com\/index.php?rest_route=%2Fwp%2Fv2%2Fmedia&parent=404"}],"curies":[{"name":"wp","href":"https:\/\/api.w.org\/{rel}","templated":true}]}}